e -4*b + s = -11. Determine u(b).
2
Suppose 30 = -2*v + 4*y, 4*v - y + 5 = -4*y. Let o be 18/2 - (-2 - v). Let t(n) be the third derivative of n**5/60 - 5*n**4/24 + n**3/2 + 2*n**2. Give t(o).
9
Suppose 0 = -4*c - 12 + 16. Let a(y) = 2*y - 7*y - 4*y - c - 2*y. Give a(1).
-12
Let n = -188 - -191. Let p(i) = -i**3 + 3*i**2 + 3*i. Calculate p(n).
9
Let a(f) = f + 1. Let p be -3 - ((2 - 15) + -2). Suppose -6*y + 4*y = -p. Calculate a(y).
7
Let w(b) = -2*b + 9. Let h be w(3). Let f(r) = 2*r**2 + 4*r + 1. Let p(m) = -3*m**2 - 5*m - 1. Let s(k) = h*p(k) + 4*f(k). What is s(-4)?
-19
Suppose -171*l = -177*l + 48. Let f(w) = -w + 14. What is f(l)?
6
Let n(m) = -1 - 3 + m**2 + 0*m + 3*m + 8 + m. Calculate n(-3).
1
Let n = -549 - -549. Let i(r) = -r + 12. Determine i(n).
12
Let o be ((-5)/(-3))/((-175)/(-105)). Let q(a) = 11*a**3 + 2*a**2 - 1. Calculate q(o).
12
Let l(p) = 5*p + 6. Let i be l(-4). Let y = -8 - i. Let u(z) be the first derivative of z**2/2 - z + 560. Calculate u(y).
5
Let x(k) = -k**2 - 22*k - 36. Let b be x(-20). Let y(w) = w**2 - 3 - 4*w + b + 4*w - w. What is y(-3)?
13
Let d(q) = 4*q - 1. Let m be (-2 - (-12)/8) + 15/(-6). Let o be -3*(-2)/6*m/3. Give d(o).
-5
Let d(a) = 7*a + 1. Let q(k) = -k**3 + 2*k**2 - 6*k - 3*k**2 + 1 + 8*k**2. Let h be q(6). Let w = -3 + h. Calculate d(w).
-13
Let t(g) = g**3 - 5*g**2 + 2*g + 9. Let c(i) = -i**3 + 5*i**2 - 2*i - 10. Let a(p) = -3*c(p) - 4*t(p). Suppose -2*q = -5*v, -4*q + 8 = -5*v - 2. Give a(q).
-16
Let i = -31 + 32. Let b(a) = -2*a + 1. What is b(i)?
-1
Let h(o) = -3*o**3 + 22*o**2 - 8*o + 10. Let g be h(7). Let z(l) = -l**3 + l**2 + 3*l + 3. Calculate z(g).
-6
Let m(h) = -7*h**3 + h**2 - h + 1. Let u(s) = -3*s + 12. Let w(r) = r - 4. Let l(f) = -6*u(f) - 17*w(f). Let x be l(5). Calculate m(x).
-6
Let n(h) = -h**2 - h + 9. Suppose 23*u - 28*u - 75 = 0. Let b be 0 + (-9)/u + 3/(-5). Determine n(b).
9
Let x be ((-108)/63)/((-2)/(-7)). Let m(d) = d**2 + 5*d - 5. Determine m(x).
1
Let m(p) be the third derivative of -p**4/24 + p**3/2 - p**2. Suppose 7 = v - 0. Suppose -5 = -3*i + v. Calculate m(i).
-1
Let q(o) be the third derivative of 0 + 0*o**3 + 0*o**4 + 0*o - 1/6*o**5 + 8*o**2. Calculate q(1).
-10
Let r(h) = -2*h - 3. Let x = -4 + 9. Let t(i) = -i + 11. Let y be t(x). Suppose 0 = -y*m + m - 30. Determine r(m).
9
Let r(l) = -l - 5. Let o(a) = 11. Let w(m) = 3*o(m) + 5*r(m). What is w(3)?
-7
Let b be (-1)/2*2*(5 + 6). Let r(i) = -15*i - 6*i**2 + 25*i**2 - 20*i**2 + 4*i. Give r(b).
0
Let n(p) = 8*p - 1. Let j be 84/(-70) - (-22)/10. Determine n(j).
7
Let x(r) be the third derivative of -2/3*r**3 + 0 + 0*r - 1/4*r**4 + 1/60*r**5 + 18*r**2. Determine x(6).
-4
Let p(u) = -u**3 - 9*u**2 - 9. Let s be (-105)/(-175) - (-1)/5*7. Let k be (4/s - -16)/(-2). What is p(k)?
-9
Let t(j) = 13*j**2 + j**3 + 2 - 11*j - 5 - 17*j**2 - 5. Let c be t(6). Let h(x) = 3*x. Determine h(c).
-6
Suppose 0 = -f + 3, -4*f = -3*d - 25 - 2. Let l = 9 + d. Let y(c) be the first derivative of -c**2/2 - c - 4. Determine y(l).
-5
Let x(j) be the second derivative of j**4/12 - j**3/3 - 3*j**2/2 - j. Let s(v) = -3*v. Let w be s(-7). Suppose 9 = -c + 4*m, -m = -2*c - 6*m + w. What is x(c)?
0
Let j = -138 - -139. Let d(r) = r**3 - r**2 - 2*r + 1. Determine d(j).
-1
Let i(m) = -19*m**3 - 8*m**2 - 31*m - 35. Let h(q) = 5*q**3 + 2*q**2 + 8*q + 9. Let d(p) = -11*h(p) - 3*i(p). Determine d(-2).
-12
Let c(i) = -72 - i**2 + 38 + 42 - 13*i + 2*i**2. Determine c(12).
-4
Let r(d) = d**3 - 17*d**2 - 17*d + 15. Let k(n) = 2*n**3 - 16*n**2 - 17*n + 15. Let g(c) = -2*k(c) + 3*r(c). What is g(-18)?
-3
Let j(o) = -4*o**3 + 3*o**2 - 8*o + 6. Let s(t) = -3*t**3 + 3*t**2 - 6*t + 5. Let k(r) = 4*j(r) - 5*s(r). Determine k(-2).
-1
Let x(z) = -6*z**2 - 6*z - 4. Let u(y) = -y**3 - y**2 - 1. Let i(r) = -u(r) - x(r). What is i(-6)?
5
Suppose 2*v = v + 12. Let s(g) = -8*g**2 + v*g + 6 + 2*g**2 + 7*g**2. Let i be s(-11). Let t(k) = -k**2 - 4*k + 5. Determine t(i).
0
Let b(j) = 5*j + 75 + 70 + 0*j**2 - 150 - 2*j - j**2. Determine b(3).
-5
Let z(u) = -2*u**2 - 6*u + 3. Let t(m) be the second derivative of m**4/12 + m**2/2 - 8*m + 4. Let s(x) = -3*t(x) - z(x). Give s(4).
2
Let s(c) = -c + 4. Let o(n) be the first derivative of -n**4/4 + 8*n**3/3 - 5*n**2/2 - 5*n - 7. Let t be o(7). Let d = t + -6. Give s(d).
1
Let h(k) = 3*k**2 - 3*k + 4. Let l(c) = 4*c**2 - 2*c + 3. Let s(x) = -3*h(x) + 2*l(x). Determine s(5).
-6
Let p(k) = -k**3 - 10*k**2 - k + 3. Let r = 1380 - 1390. What is p(r)?
13
Let c = -14 - -10. Let v be (-1)/(-2) - 14/c. Let k(i) be the second derivative of i**4/12 - i**3 + 3*i**2/2 + 5*i. Calculate k(v).
-5
Suppose -j + 2*j = 0. Suppose 2*u + t - 18 = 0, 0*u = -5*u - 2*t + 46. Let v(x) = 8 + u - x**2 + x - 27. Calculate v(j).
-9
Let o(d) = 5*d - 9. Let f(c) = -c + 1. Let y(l) = 4*f(l) + o(l). Let v = 152 + -145. Give y(v).
2
Let p(s) be the third derivative of s**7/2520 - s**6/240 - s**5/15 - 11*s**2. Let k(t) be the third derivative of p(t). Give k(-5).
-13
Let n(t) = 9*t - 12 - 4*t**2 - t**2 + 4*t**2. Calculate n(8).
-4
Let s(u) = u**2 - 6*u - 1. Let o = -86 + 90. Suppose -w + 12 = w - t, -o*t + 30 = 5*w. What is s(w)?
-1
Let u(b) = -b**3 - 3*b**2 + 3*b + 4. Let h = 12 - -93. Suppose 4*k = k - h. Let v = k - -31. Determine u(v).
8
Let z = -37 - -41. Let v = -1 + z. Let x(d) = -d**3 + 3*d**2 - 4*d + 4. What is x(v)?
-8
Let q = -14 - -24. Let t(g) = 2*g**2 - g**3 + 4 + q*g**2 - 5 - 4*g**2. Calculate t(8).
-1
Suppose 13*k = 522 - 587. Let u(x) = -5*x - 2. Let j(v) = 14*v + 7. Let z(l) = 4*j(l) + 11*u(l). Give z(k).
1
Suppose -d = d + 5*n - 5, -2*d = -2*n + 30. Let v(h) be the third derivative of h**6/120 + 3*h**5/20 - 5*h**4/12 + 2*h**3/3 + 3657*h**2. Determine v(d).
4
Let k(t) = t**3 - 11*t**2 + 10*t + 11. Let r(z) = -z**3 - z**2 - 2*z + 10. Let j(d) = 2*d**2 + 12*d. Let i be j(-6). Let a be r(i). Calculate k(a).
11
Suppose -5*g + 12*g - 21 = 0. Suppose 0*a = -g*a. Let v(s) = -s + 10. Calculate v(a).
10
Let n(c) = c**3 + c**2 + 1. Let z(w) = -3*w**3 + 4*w**2 - w + 4. Let o(t) = -2*n(t) - z(t). Suppose 13 = -7*v + 111. Let i = -8 + v. Determine o(i).
0
Let m(g) = -4*g**2 - 3*g + 8. Let v be m(-2). Let l(f) = -8*f**2 - 1. Give l(v).
-33
Let t = 1 + -2. Let u(w) be the third derivative of -w**6/60 + w**5/30 + w**4/24 + 1224*w**2. Give u(t).
3
Suppose -3 = -2*g + 1. Let x(o) = o - 4*o + 4*o + 0*o**2 - 3*o**g. Let l = 33 + -32. What is x(l)?
-2
Let a(y) = y**2 + 6*y + 8. Suppose 6*m = -2*v + 9*m + 16, 0 = -3*m - 12. Let f = v + -8. Give a(f).
8
Let j(u) = 7*u - 3. Let t(c) = -13*c + 6. Let y(x) = 11*j(x) + 6*t(x). Calculate y(0).
3
Let x(p) = 5*p + 1. Let w = -35 + 36. Let s = 4 - w. What is x(s)?
16
Let b(k) = 37*k - 30. Let l(p) = -6*p + 3. Let q(x) = b(x) + 6*l(x). Suppose 0*v - 5*v + 4*d + 74 = 0, 4*v - 3*d - 59 = 0. Determine q(v).
2
Let a = 201 + -212. Let r(q) = -2*q - 14. Determine r(a).
8
Let d(p) = -p**2 - 8*p - 6. Let v be d(-6). Let f = 6 - v. Let t(s) = 2*s**3 - s**3 - 3*s - 3 - 2 + 2*s. Give t(f).
-5
Let d(p) be the second derivative of -p**3/6 + 15*p**2/2 + 141*p. Calculate d(18).
-3
Let t(c) be the first derivative of c**2/2 + 3*c - 102. Let m be -3*(105/9)/(-5). Let r(k) = k - 14. Let a be r(m). Determine t(a).
-4
Let d(l) = l**2 + 7*l - 3. Suppose -93*p + 96*p + 30 = 0. Let q(f) = -f - 2. Let o be q(-6). Let w = o + p. What is d(w)?
-9
Let o(j) = -j**3 + 7*j**2 - 6*j - 3. Let i be (-14)/70 - 31/(-5). Calculate o(i).
-3
Let u = 0 - -3. Let c(b) be the first derivative of b**2/2 - 5*b + 806. Calculate c(u).
-2
Let w = -645 + 3871/6. Let s(q) be the third derivative of 0 + 1/2*q**3 - q**2 - w*q**4 + 1/60*q**5 + 0*q. Determine s(3).
0
Let n(b) be the third derivative of b**6/120 + b**5/60 + b**4/24 - 5*b**2. Let c(y) = -2*y - 22. Let x be c(-11). What is n(x)?
0
Let c(h) = -4*h + 1. Let w be c(-1). Let q(k) = 29*k - 17*k + 6 - 7 - 11*k. What is q(w)?
4
Let m(v) = v + 22. Suppose -45 = 5*r - 2*q, -4*r - 36*q + 37*q - 36 = 0. Give m(r).
13
Let c(r) be the first derivative of 2*r**3 - 2*r - 7 - 1/4*r**4 + 0*r**2. Calculate c(6).
-2
Let n(b) = -10*b**2 - 28*b - 2. Let p(d) = 3*d**2 + 9*d + 1. Let i(v) = 2*n(v) + 7*p(v). Suppose 12*s + 74 = 2*o, 11*o - 9*o = s + 8. Calculate i(s).
-3
Let l(c) = -26*c + 50*c - 26*c - 4 - 6. Calculate l(-8).
6
S